{"id":5314750,"date":"2026-01-19T14:15:39","date_gmt":"2026-01-19T12:15:39","guid":{"rendered":"https:\/\/gadgettravellers.eu\/shop\/seggiolino-metallico-pieghevole-paw-patrol-53x38x27cm-paw-patrol-5013-4246\/"},"modified":"2026-04-22T22:35:23","modified_gmt":"2026-04-22T20:35:23","slug":"seggiolino-metallico-pieghevole-paw-patrol-53x38x27cm-paw-patrol-5013-4246","status":"publish","type":"product","link":"https:\/\/gadgettravellers.eu\/it\/shop\/seggiolino-metallico-pieghevole-paw-patrol-53x38x27cm-paw-patrol-5013-4246\/","title":{"rendered":"Seggiolino Metallico Pieghevole paw Patrol 53x38x27cm Paw Patrol 5013-4246"},"content":{"rendered":"<p>Metallo pieghevole Paw Patrol 53x38x27cm<\/p>\n<div class='aiseo-faq-section' style='margin-top:30px; border-top:1px solid #eee; padding-top:20px;'>\n<h3>Domande Frequenti<\/h3>\n<details style='margin-bottom:10px; padding:10px; background:#f9f9f9; border-radius:5px;'>\n<summary style='font-weight:bold; cursor:pointer;'>Quali sono le dimensioni della seggiolina?<\/summary>\n<div style='margin-top:10px; color:#555;'>Le dimensioni sono 53x38x27 cm.<\/div>\n<\/details>\n<details style='margin-bottom:10px; padding:10px; background:#f9f9f9; border-radius:5px;'>\n<summary style='font-weight:bold; cursor:pointer;'>Di che materiale \u00e8 fatto il seggiolino?<\/summary>\n<div style='margin-top:10px; color:#555;'>La sedia ha una struttura metallica.<\/div>\n<\/details>\n<details style='margin-bottom:10px; padding:10px; background:#f9f9f9; border-radius:5px;'>\n<summary style='font-weight:bold; cursor:pointer;'>\u00c8 adatto per uso esterno?<\/summary>\n<div style='margin-top:10px; color:#555;'>S\u00ec, \u00e8 leggero e portatile, adatto per l&#8217;uso sia interno che esterno.<\/div>\n<\/details>\n<\/div>\n","protected":false},"excerpt":{"rendered":"<p>Metallo pieghevole Paw Patrol 53x38x27cm Domande Frequenti Quali sono le dimensioni della seggiolina? Le dimensioni sono 53x38x27 cm. Di che materiale \u00e8 fatto il seggiolino? La sedia ha una struttura metallica. \u00c8 adatto per uso esterno? S\u00ec, \u00e8 leggero e portatile, adatto per l&#8217;uso sia interno che esterno.<\/p>\n","protected":false},"featured_media":71227,"comment_status":"closed","ping_status":"open","template":"","meta":[],"product_brand":[],"product_cat":[],"product_tag":[15],"class_list":{"0":"post-5314750","1":"product","2":"type-product","3":"status-publish","4":"has-post-thumbnail","6":"product_tag-uncategorized","8":"first","9":"onbackorder","10":"purchasable","11":"product-type-simple"},"jetpack_sharing_enabled":true,"_links":{"self":[{"href":"https:\/\/gadgettravellers.eu\/it\/wp-json\/wp\/v2\/product\/5314750","targetHints":{"allow":["GET"]}}],"collection":[{"href":"https:\/\/gadgettravellers.eu\/it\/wp-json\/wp\/v2\/product"}],"about":[{"href":"https:\/\/gadgettravellers.eu\/it\/wp-json\/wp\/v2\/types\/product"}],"replies":[{"embeddable":true,"href":"https:\/\/gadgettravellers.eu\/it\/wp-json\/wp\/v2\/comments?post=5314750"}],"wp:featuredmedia":[{"embeddable":true,"href":"https:\/\/gadgettravellers.eu\/it\/wp-json\/wp\/v2\/media\/71227"}],"wp:attachment":[{"href":"https:\/\/gadgettravellers.eu\/it\/wp-json\/wp\/v2\/media?parent=5314750"}],"wp:term":[{"taxonomy":"product_brand","embeddable":true,"href":"https:\/\/gadgettravellers.eu\/it\/wp-json\/wp\/v2\/product_brand?post=5314750"},{"taxonomy":"product_cat","embeddable":true,"href":"https:\/\/gadgettravellers.eu\/it\/wp-json\/wp\/v2\/product_cat?post=5314750"},{"taxonomy":"product_tag","embeddable":true,"href":"https:\/\/gadgettravellers.eu\/it\/wp-json\/wp\/v2\/product_tag?post=5314750"}],"curies":[{"name":"wp","href":"https:\/\/api.w.org\/{rel}","templated":true}]}}

<p>Metallo pieghevole Paw Patrol 53x38x27cm</p>
<div class='aiseo-faq-section' style='margin-top:30px; border-top:1px solid #eee; padding-top:20px;'>
<h3>Domande Frequenti</h3>
<details style='margin-bottom:10px; padding:10px; background:#f9f9f9; border-radius:5px;'>
<summary style='font-weight:bold; cursor:pointer;'>Quali sono le dimensioni della seggiolina?</summary>
<div style='margin-top:10px; color:#555;'>Le dimensioni sono 53x38x27 cm.</div>
</details>
<details style='margin-bottom:10px; padding:10px; background:#f9f9f9; border-radius:5px;'>
<summary style='font-weight:bold; cursor:pointer;'>Di che materiale è fatto il seggiolino?</summary>
<div style='margin-top:10px; color:#555;'>La sedia ha una struttura metallica.</div>
</details>
<details style='margin-bottom:10px; padding:10px; background:#f9f9f9; border-radius:5px;'>
<summary style='font-weight:bold; cursor:pointer;'>È adatto per uso esterno?</summary>
<div style='margin-top:10px; color:#555;'>Sì, è leggero e portatile, adatto per l&#8217;uso sia interno che esterno.</div>
</details>
</div>

<p>Metallo pieghevole Paw Patrol 53x38x27cm Domande Frequenti Quali sono le dimensioni della seggiolina? Le dimensioni sono 53x38x27 cm. Di che materiale è fatto il seggiolino? La sedia ha una struttura metallica. È adatto per uso esterno? Sì, è leggero e portatile, adatto per l&#8217;uso sia interno che esterno.</p>
