{"id":5315559,"date":"2026-01-19T14:27:00","date_gmt":"2026-01-19T12:27:00","guid":{"rendered":"https:\/\/gadgettravellers.eu\/shop\/calcio-balilla-con-maniglie-mini-27x28x5cm-toymarkt-891889\/"},"modified":"2026-04-22T22:41:17","modified_gmt":"2026-04-22T20:41:17","slug":"calcio-balilla-con-maniglie-mini-27x28x5cm-toymarkt-891889","status":"publish","type":"product","link":"https:\/\/gadgettravellers.eu\/it\/shop\/calcio-balilla-con-maniglie-mini-27x28x5cm-toymarkt-891889\/","title":{"rendered":"Calcio balilla con maniglie Mini 27x28x5cm ToyMarkt 891889"},"content":{"rendered":"<p>27x28x5cm<\/p>\n<div class='aiseo-faq-section' style='margin-top:30px; border-top:1px solid #eee; padding-top:20px;'>\n<h3>Domande Frequenti<\/h3>\n<details style='margin-bottom:10px; padding:10px; background:#f9f9f9; border-radius:5px;'>\n<summary style='font-weight:bold; cursor:pointer;'>Quali sono le dimensioni del prodotto?<\/summary>\n<div style='margin-top:10px; color:#555;'>Le dimensioni sono 27x28x5 cm.<\/div>\n<\/details>\n<details style='margin-bottom:10px; padding:10px; background:#f9f9f9; border-radius:5px;'>\n<summary style='font-weight:bold; cursor:pointer;'>Per quali et\u00e0 \u00e8 adatto?<\/summary>\n<div style='margin-top:10px; color:#555;'>Raccomandato per et\u00e0 da 3 anni in su.<\/div>\n<\/details>\n<details style='margin-bottom:10px; padding:10px; background:#f9f9f9; border-radius:5px;'>\n<summary style='font-weight:bold; cursor:pointer;'>Di che materiale \u00e8 fatto?<\/summary>\n<div style='margin-top:10px; color:#555;'>Realizzato principalmente in plastica resistente con maniglie.<\/div>\n<\/details>\n<details style='margin-bottom:10px; padding:10px; background:#f9f9f9; border-radius:5px;'>\n<summary style='font-weight:bold; cursor:pointer;'>Ci vuole molto tempo per l&#8217;assemblaggio ed \u00e8 portatile?<\/summary>\n<div style='margin-top:10px; color:#555;'>Ha un montaggio rapido, dimensioni ridotte ed \u00e8 facile da trasportare e conservare.<\/div>\n<\/details>\n<\/div>\n","protected":false},"excerpt":{"rendered":"<p>27x28x5cm Domande Frequenti Quali sono le dimensioni del prodotto? Le dimensioni sono 27x28x5 cm. Per quali et\u00e0 \u00e8 adatto? Raccomandato per et\u00e0 da 3 anni in su. Di che materiale \u00e8 fatto? Realizzato principalmente in plastica resistente con maniglie. Ci vuole molto tempo per l&#8217;assemblaggio ed \u00e8 portatile? Ha un montaggio rapido, dimensioni ridotte ed [&hellip;]<\/p>\n","protected":false},"featured_media":16715,"comment_status":"closed","ping_status":"open","template":"","meta":[],"product_brand":[],"product_cat":[],"product_tag":[15],"class_list":{"0":"post-5315559","1":"product","2":"type-product","3":"status-publish","4":"has-post-thumbnail","6":"product_tag-uncategorized","8":"first","9":"onbackorder","10":"purchasable","11":"product-type-simple"},"jetpack_sharing_enabled":true,"_links":{"self":[{"href":"https:\/\/gadgettravellers.eu\/it\/wp-json\/wp\/v2\/product\/5315559","targetHints":{"allow":["GET"]}}],"collection":[{"href":"https:\/\/gadgettravellers.eu\/it\/wp-json\/wp\/v2\/product"}],"about":[{"href":"https:\/\/gadgettravellers.eu\/it\/wp-json\/wp\/v2\/types\/product"}],"replies":[{"embeddable":true,"href":"https:\/\/gadgettravellers.eu\/it\/wp-json\/wp\/v2\/comments?post=5315559"}],"wp:featuredmedia":[{"embeddable":true,"href":"https:\/\/gadgettravellers.eu\/it\/wp-json\/wp\/v2\/media\/16715"}],"wp:attachment":[{"href":"https:\/\/gadgettravellers.eu\/it\/wp-json\/wp\/v2\/media?parent=5315559"}],"wp:term":[{"taxonomy":"product_brand","embeddable":true,"href":"https:\/\/gadgettravellers.eu\/it\/wp-json\/wp\/v2\/product_brand?post=5315559"},{"taxonomy":"product_cat","embeddable":true,"href":"https:\/\/gadgettravellers.eu\/it\/wp-json\/wp\/v2\/product_cat?post=5315559"},{"taxonomy":"product_tag","embeddable":true,"href":"https:\/\/gadgettravellers.eu\/it\/wp-json\/wp\/v2\/product_tag?post=5315559"}],"curies":[{"name":"wp","href":"https:\/\/api.w.org\/{rel}","templated":true}]}}

<p>27x28x5cm</p>
<div class='aiseo-faq-section' style='margin-top:30px; border-top:1px solid #eee; padding-top:20px;'>
<h3>Domande Frequenti</h3>
<details style='margin-bottom:10px; padding:10px; background:#f9f9f9; border-radius:5px;'>
<summary style='font-weight:bold; cursor:pointer;'>Quali sono le dimensioni del prodotto?</summary>
<div style='margin-top:10px; color:#555;'>Le dimensioni sono 27x28x5 cm.</div>
</details>
<details style='margin-bottom:10px; padding:10px; background:#f9f9f9; border-radius:5px;'>
<summary style='font-weight:bold; cursor:pointer;'>Per quali età è adatto?</summary>
<div style='margin-top:10px; color:#555;'>Raccomandato per età da 3 anni in su.</div>
</details>
<details style='margin-bottom:10px; padding:10px; background:#f9f9f9; border-radius:5px;'>
<summary style='font-weight:bold; cursor:pointer;'>Di che materiale è fatto?</summary>
<div style='margin-top:10px; color:#555;'>Realizzato principalmente in plastica resistente con maniglie.</div>
</details>
<details style='margin-bottom:10px; padding:10px; background:#f9f9f9; border-radius:5px;'>
<summary style='font-weight:bold; cursor:pointer;'>Ci vuole molto tempo per l&#8217;assemblaggio ed è portatile?</summary>
<div style='margin-top:10px; color:#555;'>Ha un montaggio rapido, dimensioni ridotte ed è facile da trasportare e conservare.</div>
</details>
</div>

<p>27x28x5cm Domande Frequenti Quali sono le dimensioni del prodotto? Le dimensioni sono 27x28x5 cm. Per quali età è adatto? Raccomandato per età da 3 anni in su. Di che materiale è fatto? Realizzato principalmente in plastica resistente con maniglie. Ci vuole molto tempo per l&#8217;assemblaggio ed è portatile? Ha un montaggio rapido, dimensioni ridotte ed [&hellip;]</p>
